ds digit of w(15)?
1
Let a be 22/(-66)*(-6)/4*8. Let k be 45/30 + 3594/a. What is the tens digit of (-24)/10*k/(-27)?
8
Let k be 12 - -4 - 4 - (0 - -1). Suppose -340 = -k*n + 10*n. What is the tens digit of n?
4
Suppose -7*l = -12*l + 235. Suppose -31*k + l*k - 23584 = 0. What is the thousands digit of k?
1
Let b be 9*(-8)/12 - -9. Suppose -4*y - b*f + 7*f + 3360 = 0, -3*y - 5*f + 2488 = 0. What is the hundreds digit of y?
8
Let u(o) = -o**3 + 12*o**2 - 10*o - 8. Let t be u(11). Suppose t*n - 301 = 170. What is the units digit of n?
7
Let t be (-58)/4*(-1 + -1 + -58). Let v = 51 + t. What is the units digit of v?
1
Suppose -3*g + 6 = -6*g, 4*s - g - 19842 = 0. Suppose -5*r + 5*k = -s, 4*k - 1534 = -3*r + 1407. What is the hundreds digit of r?
9
Suppose -11*g - 20*g = 62. What is the units digit of (-2285)/10*g/1?
7
Let g(u) = -u + 14. Let q be g(4). Suppose -16 = q*w - 14*w. Suppose w*j - 647 = -3*p, -7*j + 489 = -4*j + 3*p. What is the units digit of j?
8
Let q = 1329 + -667. Suppose -4*y = -k - 1966 + q, -4*y + 4*k + 1316 = 0. What is the tens digit of y?
2
Suppose 370 = 2*z + 108. Let s = z - 93. Suppose 3*t + t + 2*x - s = 0, -3*x - 24 = -3*t. What is the units digit of t?
9
Suppose -5*a = 4*s - 4512, 0 = -2*s - 15*a + 14*a + 2262. Suppose h = 5*j + 911, -5*h + 3344 + s = j. What is the hundreds digit of h?
8
Let s be 68*(-2)/((-8)/22). Let w be (-26)/(-13) + (1 - 247). Let r = s + w. What is the hundreds digit of r?
1
Let o = -4151 - -4213. What is the units digit of o?
2
Let n = -9465 - -15789. What is the tens digit of n?
2
Suppose 1543 + 1681 = 4*a + 2*n, -2*n = 0. Suppose -5*s - 2*c = -a, -c - 625 = -4*s + 4*c. Let r = s - 99. What is the tens digit of r?
6
Suppose -15*u - 5540 = -20*u. Let h = u - 781. What is the units digit of h?
7
Suppose -5*d - 22 = -3*g, -4*g = 9*d - 7*d - 12. Suppose -2*l - 4*n = -g*l + 1288, -2*l - 3*n = -1323. What is the hundreds digit of l?
6
Suppose y = 2*s - 223, -8*y = s - 12*y - 94. Suppose 119*z - 1825 = s*z. What is the tens digit of z?
6
What is the tens digit of (-2 + 468/5)*(281 + -26)?
5
Suppose -5*i + 214*u = 216*u - 285459, 0 = -4*u + 8. What is the tens digit of i?
9
Let t = -183 - -87. Let f = 196 + t. What is the tens digit of f?
0
Suppose -19*b - 1528 = -27*b. Suppose -3*r = -2*r + u - 187, -r + b = -u. Let c = r + -155. What is the tens digit of c?
3
Let t = -325 + 329. Let g(y) = 10*y**3 - 10*y**2 + 9*y - 7. What is the hundreds digit of g(t)?
5
Suppose 44*s = -70083 + 567274 + 1417. What is the thousands digit of s?
1
What is the hundreds digit of ((-1 - -9) + -39894)*10/(-5)?
7
Let f = -1834 - -2602. Suppose -98 = -3*j + 4*s + f, -554 = -2*j - 2*s. What is the hundreds digit of j?
2
Suppose 26*t - 29*t = -24. Suppose 3*q + t - 203 = 0. Let r = -37 + q. What is the tens digit of r?
2
Suppose -6 = -3*o, 0 = 78*b - 74*b + 3*o - 260878. What is the tens digit of b?
1
Suppose 2*z - 2*o + 542 = 0, 3*z = 4*z - 2*o + 270. Let m = -205 - z. What is the tens digit of m?
6
Suppose 11*q - 3900 = -2*q. Suppose -q = 3*t - 1488. What is the units digit of t?
6
Let x = 875 + -873. Suppose 647 = x*a - 1321. What is the tens digit of a?
8
Suppose 11 + 5 = b + 4*v, 5*b - 36 = 2*v. Let c(q) be the second derivative of -q**4/12 + 10*q**3/3 + q**2 + 5*q - 95. What is the tens digit of c(b)?
9
What is the tens digit of (-56660)/(-12) + (-1)/((-39)/52)?
2
Let q(m) = 2*m**3 - 9*m**2 + 16*m + 3. Let d be q(12). What is the hundreds digit of (-180)/30 - d/(-3)?
7
Suppose 786 + 315 = 4*f - 5*a, 0 = -5*a - 5. What is the tens digit of f - (-24)/(-6)*-1?
7
Let m(u) = 749*u + 5887. What is the thousands digit of m(15)?
7
Let o(f) = -18*f - 89. Let j be o(-5). What is the units digit of (-2 - 0)*j + (2 - -496)?
6
Suppose -2*r + 2*v = 52, v = 1 + 1. Let b be r/(1/(-20 - 3)). Suppose -210 = 3*u - b. What is the tens digit of u?
1
Let p(i) be the second derivative of -10*i**3/3 - 2*i**2 + i - 141. What is the tens digit of p(-3)?
5
Let u(c) be the first derivative of c**6/360 + c**5/30 + 5*c**4/24 + 4*c**3 + 15. Let i(o) be the third derivative of u(o). What is the tens digit of i(-5)?
1
Suppose 4*g + 5108 = 2*z, 2*z + 3*g = 1389 + 3684. What is the units digit of z?
4
Let c(o) = o**3 - 4*o**2 + o + 6. Let r be c(3). Suppose r*l = l - 0*l. Suppose l*q = -3*q + 174. What is the units digit of q?
8
Let h = -11 + 36. Suppose 24*b - h*b + 213 = 0. Let f = b + -96. What is the tens digit of f?
1
Suppose 17*n + 17 = -0*n. What is the units digit of ((-7 - 0) + n)*8/(-8)?
8
Let c(b) = 187*b + 2833. What is the units digit of c(81)?
0
Let n(p) = 10*p + 71. Let v be n(-7). What is the tens digit of ((-13)/v)/((-3)/39)?
6
Suppose 4*s = 2*d, 0 = s - 4*d + 2*d. Suppose 6*j - 407 + 89 = s. Let r = 15 + j. What is the tens digit of r?
6
Let p(s) = s**2 - 14*s + 4. Let o be p(13). Let c(j) = -28*j + 23. Let f be c(o). Suppose 1305 = 5*b + f. What is the tens digit of b?
0
Let v = -329 + 191. Let f = v + 346. What is the hundreds digit of f?
2
Suppose 36*s = -35*s + 76*s - 247270. What is the units digit of s?
4
Suppose -3937 = -40*g + 5423. Suppose 4*j - 4*w + 512 = 0, -4*j - 289 = w + 228. Let p = g + j. What is the units digit of p?
5
Let c be ((-20)/24*-3)/((-2)/4). Let d be c/((-175)/80) - (-4)/(-14). Suppose u = 2*v - 2*u - 447, -v + d*u = -226. What is the tens digit of v?
1
Let s(f) = 8*f**2 + 8*f + 4. Let j be s(-1). What is the hundreds digit of j + ((-564)/(-3) - -8)?
2
Let q(k) be the third derivative of -595*k**4/8 + 23*k**3/2 - 101*k**2. What is the tens digit of q(-1)?
5
Let v = 22903 + -15283. What is the thousands digit of v?
7
Let t(n) = -7*n + 2*n**2 - 3*n**2 - 3*n - 5*n - 7. Let x be -7 - ((1 - 0) + 3). What is the tens digit of t(x)?
3
Suppose -2*u - 2*i = i - 10, 5*u - 42 = i. Suppose -2*l - 144 = -u*l. Suppose -11*z - 1066 = -l*z. What is the tens digit of z?
8
What is the tens digit of (-1200)/(-24) + -55 + 6*(-15430)/(-4)?
4
Let q = -544 - -230. Let g = 102 - q. Let s = 711 - g. What is the tens digit of s?
9
Suppose 245*t - 4405643 - 2070893 = 1769184. What is the units digit of t?
6
Suppose -16*k + k + 135 = 0. What is the units digit of ((-7365)/(-12) - -3) + k/36?
7
Let i be 1/((-2)/(-4) - 1). Let j = 13 - 11. What is the units digit of 76*((-5)/i - j)?
8
Suppose 2*m = 5*r - m + 25, -5*m = 0. Let j be (-1)/18*-3 + r/(-6). What is the tens digit of j/(-3) + 741/9?
8
Suppose 3*g + 18 = 3*d, -3*g - 10 = 3*d - 4. Suppose -3*t - 219 = -2*q - d*t, 5*q + t - 558 = 0. What is the tens digit of q?
1
Suppose -5*h + 3770 = 5*u, h + 3762 = 6*h + 3*u. Let m = h + 25. What is the units digit of m?
5
Let f = 124 - 24. Let r = 526 - 281. Let v = r - f. What is the units digit of v?
5
Suppose 2*y - 16432 = -4*s, 2*s = 3*y + 2634 - 27266. What is the tens digit of y?
1
Suppose -9*n - 4*v = -0*n - 59079, -4*v - 32803 = -5*n. What is the thousands digit of n?
6
Suppose -2*k - 2*k = 5*a - 55, 0 = -4*a + 12. Let x be (11 + (-62)/6)*(-72)/(-2). What is the units digit of 234/k + x/40?
4
Let r(v) = 2*v + 9. Let j be ((-22)/6 + 1)*66/(-88). Suppose -4*p + 10 = -j*p. What is the units digit of r(p)?
9
Let p(s) = 13*s**2 - 86*s + 844. What is the units digit of p(9)?
3
Let v(g) = -g**3 - 14*g**2 + 2*g + 16. Let l be v(-14). What is the tens digit of ((-44)/l)/(4*(-2)/(-456))?
0
Let v be (-3 - -6*6/9)/1. Let j be (v + -2)*(2 - 3) - 1. Suppose 3*l - 15 = j, -4*l + 750 = 5*b - 5*l. What is the tens digit of b?
5
Let l be 6/8*2*(-530)/(-159). Suppose -l*r - 3*i + 3675 = 0, 4*r + 3*i = -i + 2948. What is the units digit of r?
2
Let i(s) = -s + 9. Let w be i(0). Suppose 5*c + 669 = 2*b - 526, 0 = -2*c - 10. Suppose w*h - b = -6*h. What is the units digit of h?
9
Let w = 77 - 119. Let n be (-2 + 3*(-22)/w)*-7. What is the tens digit of (651*-1)/(-3) - (n - -1)?
1
Let d(o) = 15*o**2 - 22*o + 7. Let n be d(14). Suppose -11*f = -n + 230. What is the tens digit of f?
1
What is the ten thousands digit of -52*45432/(-156) + (1 - 0 - -6)?
1
Let y be 3/2 + (9/2 - 1). Suppose -y*g + 113 = -207. Let f = 110 - g. What is the units digit of f?
6
Suppose 193*y + 2545 = 198*y. Suppose -y = -f + w, f + 15*w = 17*w + 510. What is the units digit of f?
8
Let x(z) = 6*z**3 + 2*z**2 - z - 5. Let r be x(2). What is the tens digit of -1890*(4 + (-238)/r)?
2
